12
-3409
What is 373 (base 14) in base 8?
1261
Convert 13420 (base 11) to base 6.
224340
1021102220 (base 3) to base 7
133125
65310 (base 7) to base 15
4c50
Convert -bb24 (base 14) to base 3.
-1122101222
What is 130547 (base 8) in base 13?
17896
Convert -8106 (base 11) to base 9.
-15702
What is -1140 (base 8) in base 5?
-4413
Convert -2a883 (base 11) to base 6.
-534031
1033 (base 5) to base 3
12022
Convert 10302 (base 4) to base 5.
2211
What is -5e9b (base 15) in base 3?
-1000200002
Convert -20011022 (base 3) to base 10.
-4490
-111010001 (base 2) to base 15
-210
-12012110 (base 3) to base 13
-1959
255 (base 8) to base 11
148
Convert -393 (base 11) to base 5.
-3330
What is -100226 (base 9) in base 13?
-20c67
What is 27b2 (base 12) in base 5?
121343
What is -102022 (base 3) in base 13?
-1a6
-544 (base 10) to base 6
-2304
What is 2623 (base 12) in base 8?
10373
Convert -255 (base 13) to base 6.
-1520
What is -111011011 (base 2) in base 14?
-25d
-7722 (base 10) to base 5
-221342
What is -178 (base 15) in base 10?
-338
What is 34542 (base 7) in base 14?
3322
Convert -21135 (base 11) to base 14.
-b300
What is -2627 (base 12) in base 13?
-1c99
What is -111021 (base 3) in base 9?
-437
26401 (base 7) to base 12
4101
Convert -745c (base 13) to base 8.
-37404
What is -11101110001000 (base 2) in base 8?
-35610
113432 (base 6) to base 5
304014
20060 (base 8) to base 11
6211
Convert -9672 (base 12) to base 4.
-10001312
What is -cb4 (base 14) in base 15?
-b25
Convert -32551 (base 7) to base 16.
-1fea
-120023 (base 4) to base 7
-4340
1503 (base 10) to base 7
4245
What is -3e (base 16) in base 12?
-52
What is -396b (base 16) in base 3?
-202011102
Convert 10010001101101000 (base 2) to base 8.
221550
What is -20222 (base 3) in base 16?
-bc
Convert -1244230 (base 6) to base 13.
-25155
ab81 (base 13) to base 6
302450
1299 (base 12) to base 3
2221000
-22473 (base 10) to base 8
-53711
Convert -19d (base 15) to base 10.
-373
What is -3251 (base 7) in base 14?
-5d1
Convert -239 (base 14) to base 3.
-121102
Convert -41473 (base 9) to base 7.
-142530
What is 2e64 (base 15) in base 5?
304434
15a0 (base 12) to base 3
10112010
What is 1123 (base 7) in base 3?
120011
126320 (base 8) to base 3
2020200112
Convert 2396 (base 13) to base 10.
5024
Convert 3818 (base 9) to base 2.
101100100100
Convert -1010101110010 (base 2) to base 11.
-4141
What is -201101112 (base 3) in base 10?
-14135
Convert 6536 (base 13) to base 3.
201022012
What is -12201 (base 3) in base 10?
-154
What is -c043 (base 13) in base 14?
-98b1
3353 (base 6) to base 11
658
What is -25651 (base 8) in base 2?
-10101110101001
What is 15246 (base 7) in base 2?
1000010011000
What is -16311 (base 8) in base 16?
-1cc9
What is 1565 (base 8) in base 4?
31311
-475 (base 13) to base 5
-11042
What is -101101 (base 2) in base 14?
-33
-384 (base 9) to base 10
-319
-653 (base 14) to base 10
-1249
What is -3566 (base 7) in base 11?
-aa2
Convert -19dc (base 14) to base 4.
-1021132
What is -8b1 (base 12) in base 3?
-1202121
What is -3213 (base 14) in base 9?
-12761
What is 46502 (base 8) in base 4?
10311002
What is 22221201 (base 3) in base 16?
197e
What is -3415 (base 9) in base 11?
-1996
-7738 (base 9) to base 8
-13111
Convert -344 (base 10) to base 5.
-2334
Convert 201221212 (base 3) to base 7.
60263
Convert 55640 (base 8) to base 16.
5ba0
What is 1002010110 (base 3) in base 12?
10356
-26316 (base 7) to base 9
-10560
25 (base 10) to base 12
21
What is -2a5 (base 13) in base 3?
-122112
-121 (base 10) to base 3
-11111
What is -40523 (base 6) in base 8?
-12403
274 (base 12) to base 11
312
What is c20 (base 15) in base 7?
10650
-23022112 (base 4) to base 15
-d82d
2501 (base 16) to base 2
10010100000001
Convert -25233 (base 6) to base 16.
-eb5
Convert -13132 (base 4) to base 14.
-262
What is -b08 (base 13) in base 12?
-10b7
-2b8c (base 13) to base 4
-1203201
-1322 (base 6) to base 9
-415
What is 403 (base 12) in base 2?
1001000011
1112 (base 11) to base 5
21330
2a4 (base 15) to base 5
4404
What is -103441 (base 5) in base 8?
-7045
What is -5823 (base 12) in base 14?
-3815
-30230002 (base 4) to base 5
-3130340
101011110 (base 2) to base 14
1b0
-5a73 (base 16) to base 15
-6cda
-19126 (base 12) to base 10
-36462
What is 14254 (base 9) in base 11?
7308
-6 (base 15) to base 4
-12
What is 116021 (base 7) in base 13?
98c0
What is -2203 (base 4) in base 9?
-201
-ee9 (base 16) to base 8
-7351
What is -749 (base 10) in base 6?
-3245
What is -200002 (base 3) in base 14?
-26c
What is -6516 (base 8) in base 3?
-11200011
Convert -1023 (base 6) to base 5.
-1411
What is 32475 (base 10) in base 3?
1122112210
Convert 3144413 (base 5) to base 4.
30331310
Convert -212024 (base 5) to base 9.
-10712
-2221410 (base 5) to base 2
-1001100001000100
-21210 (base 3) to base 16
-d2
Convert 6d0 (base 15) to base 7.
4335
Convert 101010110110111 (base 2) to base 10.
21943
What is -4b5 (base 13) in base 3?
-1010112
-24311 (base 8) to base 6
-120201
What is -10001001111110110 (base 2) in base 9?
-116815
What is -1000010 (base 5) in base 6?
-200210
Convert 3101311 (base 4) to base 8.
32165
What is 50ca (base 13) in base 4?
2232033
-121133 (base 4) to base 2
-11001011111
What is -14312 (base 5) in base 2?
-10010110111
What is -523501 (base 6) in base 13?
-1633c
What is 2311 (base 6) in base 7?
1411
1033330 (base 4) to base 3
21000111
32011 (base 6) to base 9
5837
42223 (base 8) to base 12
a1ab
What is -1000220110 (base 3) in base 15?
-6063
Convert 36542 (base 7) to base 13.
4457
Convert 32411 (base 5) to base 15.
9db
-12101111 (base 3) to base 15
-126d
Convert 1499 (base 10) to base 14.
791
Convert 8480 (base 11) to base 5.
324340
-100101011 (base 2) to base 8
-453
Convert -1020001112 (base 3) to base 12.
-11b42
Convert -4637 (base 8) to base 14.
-c7d
-2ad (base 15) to base 8
-1145
Convert 4023 (base 5) to base 8.
1001
What is 1062 (base 7) in base 12?
283
Convert 1480 (base 9) to base 15.
500
42403 (base 5) to base 6
21113
What is -12211220 (base 3) in base 15?
-13e3
What is -6364 (base 7) in base 4?
-203023
What is -1304034 (base 5) in base 2?
-110001110101111
7019 (base 13) to base 3
210010102
What is -1101001001011 (base 2) in base 10?
-6731
What is -861 (base 16) in base 3?
-2221110
-634 (base 8) to base 10
-412
What is 6525 (base 16) in base 13?
ba2a
Convert -2072 (base 15) to base 4.
-1223021
Convert 1110101 (base 2) to base 12.
99
What is -33536 (base 8) in base 2?
-11011101011110
What is -20a9 (base 16) in base 10?
-8361
What is 5ccc (base 14) in base 9?
24257
-10687 (base 9) to base 15
-21a1
What is -110111010000 (base 2) in base 4?
-313100
Convert 5281 (base 9) to base 14.
15b2
Convert 201020 (base 4) to base 9.
2815
-c4b7 (base 14) to base 10
-33873
1225 (base 9) to base 12
642
Convert 13924 (base 10) to base 2.
11011001100100
-632 (base 11) to base 3
-1001012
Convert 10131200 (base 4) to base 8.
43540
What is -30604 (base 8) in base 2?
-11000110000100
-109b (base 14) to base 6
-21201
Convert -10000001 (base 2) to base 12.
-a9
Convert 3582 (base 10) to base 2.
110111111110
1023 (base 6) to base 9
276
What is -15375 (base 8) in base 12?
-3bb9
What is 5d77 (base 15) in base 8?
46710
Convert -123141 (base 5) to base 7.
-16661
-122300 (base 7) to base 6
-251522
What is 1004 (base 5) in base 12?
a9
Convert 100101010 (base 2) to base 12.
20a
What is 13454 (base 6) in base 9?
2817
-726 (base 12) to base 7
-3012
a2 (base 13) to base 2
10000100
4065 (base 8) to base 9
2784
-1411 (base 7) to base 12
-397
What is -1551 (base 6) in base 12?
-2b7
2225 (base 10) to base 4
202301
Convert -6713 (base 9) to base 2.
-1001101011001
Convert 45a1 (base 11) to base 16.
1798
Convert 15091 (base 12) to base 2.
111001100101101
111454 (base 7) to base 16
4d4a
Convert 22113 (base 6) to base 7.
11643
Convert 134430 (base 5) to base 15.
19e5
Convert -210312 (base 4) to base 7.
-6606
Convert -110100001000 (base 2) to base 12.
-1b20
What is 121012112 (base 3) in base 15?
3778
1111011001001 (base 2) to base 16
1ec9
-1333132 (base 4) to base 8
-17736
1023 (base 11) to base 10
1356
What is 211253 (base 7) in base 6?
440542
What is 1601 (base 7) in base 5?
10023
Convert -4548 (base 10) to base 2.
-1000111000100
-310101 (base 5) to base 14
-3922
Convert -42 (base 15) to base 4.
-332
-